Convert -68 (base 9) to base 11.
-57
35 (base 11) to base 9
42
86 (base 10) to base 8
126
10110 (base 2) to base 15
17
What is -112 (base 5) in base 7?
-44
Convert 15 (base 15) to base 8.
24
Convert 141 (base 11) to base 16.
a6
Convert 22 (base 3) to base 14.
8
110 (base 9) to base 3
10100
Convert 261 (base 8) to base 7.
342
Convert 71 (base 11) to base 6.
210
What is -2 (base 15) in base 5?
-2
Convert -11 (base 2) to base 16.
-3
What is 8 (base 12) in base 8?
10
Convert -22 (base 12) to base 13.
-20
Convert 3c (base 16) to base 2.
111100
Convert -1 (base 15) to base 6.
-1
Convert 4 (base 16) to base 9.
4
What is -2 (base 15) in base 6?
-2
What is b (base 15) in base 2?
1011
-1 (base 4) to base 11
-1
Convert -140 (base 11) to base 12.
-119
What is -11 (base 3) in base 13?
-4
Convert -243 (base 11) to base 16.
-121
What is -2 (base 10) in base 3?
-2
Convert 10 (base 9) to base 15.
9
Convert 222 (base 3) to base 15.
1b
What is -1 (base 13) in base 6?
-1
24 (base 14) to base 6
52
0 (base 9) to base 2
0
What is -90 (base 15) in base 8?
-207
Convert 1111 (base 2) to base 15.
10
What is -f (base 16) in base 6?
-23
What is 280 (base 10) in base 7?
550
Convert -d (base 14) to base 8.
-15
-23 (base 5) to base 10
-13
c0 (base 13) to base 9
183
-27 (base 14) to base 15
-25
-27 (base 11) to base 16
-1d
Convert -9 (base 16) to base 13.
-9
14 (base 5) to base 8
11
Convert -25 (base 14) to base 7.
-45
Convert 1034 (base 5) to base 6.
400
Convert 2 (base 6) to base 8.
2
What is b (base 12) in base 4?
23
-8 (base 12) to base 3
-22
What is -11 (base 4) in base 11?
-5
320 (base 4) to base 14
40
What is -23 (base 13) in base 14?
-21
What is 1112 (base 3) in base 16?
29
What is -206 (base 7) in base 5?
-404
What is -2 (base 9) in base 15?
-2
Convert 2 (base 7) to base 13.
2
Convert -2 (base 12) to base 15.
-2
Convert -4 (base 16) to base 3.
-11
What is 15 (base 14) in base 10?
19
Convert -9 (base 13) to base 11.
-9
What is 10 (base 12) in base 15?
c
Convert -15 (base 7) to base 6.
-20
What is -5 (base 12) in base 8?
-5
What is -441 (base 7) in base 10?
-225
1010 (base 2) to base 15
a
-2 (base 7) to base 11
-2
Convert 110 (base 5) to base 8.
36
110100 (base 2) to base 15
37
3 (base 16) to base 5
3
-38 (base 13) to base 12
-3b
What is -100022 (base 3) in base 13?
-164
What is -86 (base 10) in base 13?
-68
5 (base 7) to base 10
5
-103 (base 4) to base 6
-31
-16 (base 9) to base 10
-15
What is -1 (base 13) in base 8?
-1
What is -2 (base 6) in base 10?
-2
What is -1 (base 5) in base 14?
-1
331 (base 5) to base 4
1123
What is -10111 (base 2) in base 6?
-35
What is 4 (base 16) in base 4?
10
e1 (base 16) to base 3
22100
11010001 (base 2) to base 11
180
-3 (base 5) to base 11
-3
Convert -1 (base 11) to base 4.
-1
What is 0 (base 7) in base 14?
0
Convert 30 (base 4) to base 14.
c
Convert -2b (base 13) to base 5.
-122
3 (base 7) to base 12
3
Convert 21 (base 8) to base 15.
12
-178 (base 10) to base 7
-343
10 (base 3) to base 9
3
Convert 109 (base 12) to base 13.
ba
-111 (base 8) to base 6
-201
0 (base 15) to base 3
0
Convert -1 (base 16) to base 6.
-1
Convert -22 (base 10) to base 16.
-16
What is 0 (base 9) in base 15?
0
What is -b (base 16) in base 10?
-11
Convert -b (base 13) to base 8.
-13
-3e (base 15) to base 11
-54
What is -10010011 (base 2) in base 14?
-a7
What is -5 (base 11) in base 8?
-5
What is 2 (base 11) in base 16?
2
What is -101 (base 2) in base 14?
-5
1033 (base 5) to base 7
263
What is -ed (base 16) in base 15?
-10c
67 (base 13) to base 6
221
Convert 0 (base 16) to base 6.
0
Convert -31 (base 6) to base 11.
-18
What is -b (base 16) in base 11?
-10
Convert -15 (base 14) to base 12.
-17
104 (base 13) to base 12
125
Convert -37 (base 12) to base 14.
-31
Convert -311 (base 6) to base 3.
-11021
13 (base 5) to base 4
20
Convert 122 (base 3) to base 2.
10001
What is 0 (base 2) in base 13?
0
12 (base 14) to base 10
16
Convert -9 (base 14) to base 9.
-10
Convert -10 (base 2) to base 12.
-2
-120 (base 3) to base 9
-16
What is -130 (base 7) in base 14?
-50
Convert -214 (base 12) to base 5.
-2204
Convert 3 (base 12) to base 15.
3
Convert 11 (base 9) to base 3.
101
Convert 1 (base 14) to base 8.
1
What is 2 (base 14) in base 9?
2
Convert 5 (base 15) to base 7.
5
What is -6 (base 16) in base 3?
-20
Convert -4 (base 9) to base 13.
-4
Convert -1240 (base 6) to base 3.
-102120
What is 1101 (base 2) in base 8?
15
-22 (base 10) to base 3
-211
-3 (base 7) to base 5
-3
Convert -144 (base 7) to base 16.
-51
Convert 5 (base 16) to base 2.
101
32 (base 14) to base 4
230
What is -1200 (base 3) in base 4?
-231
12002 (base 3) to base 7
254
Convert -11 (base 8) to base 2.
-1001
Convert -213 (base 7) to base 15.
-73
Convert -9 (base 10) to base 14.
-9
Convert 174 (base 9) to base 3.
12111
What is 0 (base 13) in base 8?
0
-26 (base 7) to base 11
-19
69 (base 11) to base 13
5a
Convert 11 (base 8) to base 11.
9
What is -5 (base 14) in base 11?
-5
Convert -3 (base 7) to base 14.
-3
What is -21 (base 7) in base 2?
-1111
16 (base 7) to base 2
1101
What is -27 (base 13) in base 9?
-36
Convert 3 (base 7) to base 8.
3
What is -2 (base 8) in base 14?
-2
2 (base 11) to base 9
2
1 (base 7) to base 11
1
Convert 4 (base 11) to base 2.
100
Convert 20 (base 14) to base 10.
28
-88 (base 9) to base 11
-73
-62 (base 7) to base 12
-38
What is 8 (base 16) in base 11?
8
What is -342 (base 6) in base 3?
-11222
18 (base 12) to base 5
40
261 (base 9) to base 15
e7
-18 (base 13) to base 16
-15
Convert 11 (base 2) to base 3.
10
What is -51 (base 10) in base 14?
-39
-303 (base 5) to base 15
-53
What is 10100111 (base 2) in base 10?
167
What is 3 (base 4) in base 9?
3
What is 32 (base 16) in base 12?
42
Convert -5 (base 13) to base 9.
-5
12 (base 6) to base 9
8
Convert -2 (base 13) to base 16.
-2
Convert -1022 (base 4) to base 16.
-4a
Convert -69 (base 15) to base 13.
-78
What is -8 (base 9) in base 4?
-20
What is -1100 (base 2) in base 11?
-11
1b (base 15) to base 8
32
2 (base 7) to base 2
10
100 (base 5) to base 15
1a
What is 23 (base 10) in base 16?
17
What is -13 (base 4) in base 2?
-111
Convert 111 (base 2) to base 12.
7
5 (base 9) to base 7
5
What is 134 (base 6) in base 4?
322
Convert 3 (base 11) to base 16.
3
-2 (base 10) to base 14
-2
What is 11 (base 2) in base 11?
3
Convert -6 (base 13) to base 8.
-6
What is ac (base 13) in base 11?
11a
-56 (base 10) to base 14
-40
What is 6 (base 8) in base 10?
6
Convert -78 (base 13) to base 3.
-10200
What is -35 (base 15) in base 9?
-55
Convert 12 (base 5) to base 11.
7
1 (base 10) to base 15
1
What is -101001 (base 3) in base 7?
-535
What is -1 (base 11) in base 15?
-1
Convert -4 (base 10) to base 11.
-4
Convert -1 (base 10) to base 14.
-1
What is -4 (base 15) in base 3?
-11
-41 (base 8) to base 4
-201
24 (base 6) to base 7
22
Convert -11 (base 7) to base 9.
-8
c (base 16) to base 2
1100
Convert -40 (base 6) to base 3.
-220
What is -3 (base 14) in base 13?
-3
25 (base 6) to base 10
17
Convert -7 (base 15) to base 12.
-7
-2 (base 5) to base 4
-2
What is 4 (base 14) in base 4?
10
Convert 24 (base 8) to base 10.
20
What is 11 (base 3) in base 9?
4
Convert -7 (base 13) to base 14.
-7
Convert -240 (base 5) to base 12.
-5a
4 (base 6) to base 3
11
1 (base 13) to base 4
1
31 (base 4) to base 7
16
-3 (base 7) to base 10
-3
-7 (base 11) to base 15
-7
What is -33 (base 4) in base 13?
-12
-3 (base 6) to base 10
-3
What is 12 (base 4) in base 6?
10
Convert 2 (base 7) to base 14.
2
Convert -b (base 13) to base 14.
-b
Convert 431 (base 5) to base 7.
224
104 (base 5) to base 10
29
289 (base 11) to base 4
11103
12 (base 7) to base 15
9
What is 3 (base 10) in base 6?
3
What is -6 (base 12) in base 5?
-11
Convert 0 (base 5) to base 10.
0
-3 (base 12) to base 5
-3
What is -16 (base 12) in base 2?
-10010
102 (base 4) to base 15
13
3 (base 6) to base 4
3
Convert 2 (base 12) to base 6.
2
What is -14 (base 15) in base 16?
-13
-21102 (base 3) to base 9
-242
Convert 51 (base 14) to base 4.
1013
36 (base 14) to base 7
66
Convert -1 (base 3) to base 13.
-1
11010 (base 2) to base 11
24
What is b (base 15) in base 4?
23
What is -5 (base 13) in base 5?
-10
0 (base 8) to base 10
0
Convert -28 (base 9) to base 10.
-26
-8 (base 12) to base 8
-10
-3 (base 6) to base 9
-3
What is 10 (base 2) in ba